(c) = -c**2 - 25*c - 43. Calculate the remainder when 13 is divided by d(-23).
1
Let c(k) = -18*k**2 - 58*k + 8. Calculate the remainder when 39 is divided by c(-3).
19
Let x = -223 - -302. What is the remainder when x is divided by 23?
10
Suppose 0 = -2*w - b - 61, -b + 32 = -2*w - 23. Let c = -19 - w. Suppose o + 9*s = 10*s + 40, 116 = 3*o + s. What is the remainder when o is divided by c?
9
Suppose -v + 25 + 5 = 0. Let a = v - 61. Let n = 58 + a. Calculate the remainder when n is divided by 7.
6
Suppose -1383 = -3*z + 3*c, 10*z - 13*z = -c - 1379. Calculate the remainder when z is divided by 11.
8
Let r(s) = -s**2 + s + 4. Let v be r(-2). Let f(o) = -2*o + 2. What is the remainder when 10 is divided by f(v)?
4
Let p be (26 - 4)/(4 - 2). Suppose 7*k - p = 3. Suppose 44 = 3*a + 5*w, -4*w - 24 = -2*a - k. Calculate the remainder when a is divided by 8.
5
Let y = 669 + -594. Let i(u) = -u**3 - 5*u**2 - 5*u - 5. Calculate the remainder when y is divided by i(-5).
15
Suppose 0 = 5*h - 4*w - 210, 2*w = h + 10 - 46. What is the remainder when 181 is divided by h?
43
Suppose 0 = 12*z - 1222 + 238. Calculate the remainder when z is divided by 17.
14
Let q(m) = -m**3 + 13*m**2 - 10*m + 15. Let t(b) = 3 + 7*b + 3*b + b - 2. Let a be t(1). Calculate the remainder when q(a) is divided by 14.
11
Let g(i) = 4*i**2 + 10*i + 13. What is the remainder when g(-7) is divided by 47?
45
Suppose 25 - 195 = -8*a - 3*p, 4*a + p - 86 = 0. What is the remainder when 327 is divided by a?
19
Let s = 94 + -21. Let v(y) = y**3 + 13*y**2 + 30*y + 25. What is the remainder when s is divided by v(-10)?
23
Let i be 28*(-5 - -6)*(-2)/(-7). Calculate the remainder when 36 is divided by (5/2)/(i/32).
6
Suppose -19 = -2*a + 45. Let v = 10 - 11. Calculate the remainder when a is divided by ((-119)/34)/(v/2).
4
Suppose 37*x - 1697 = 523. Let l = -32 + 53. What is the remainder when x is divided by l?
18
Let m be ((-42)/9)/(3/9). Let w = -8 - m. Calculate the remainder when 10 is divided by (14 - 5)/(w/4).
4
Let l = 12 - 12. Let r(f) = 0*f + 12 - 1 - f. What is the remainder when 31 is divided by r(l)?
9
Let o = 105 + -103. Suppose 31 = o*b - 5. Calculate the remainder when 45 is divided by b.
9
Suppose -26*j + 25*j - 153 = -3*s, -4*j = -3*s + 153. Calculate the remainder when 198 is divided by s.
45
Suppose -97*m + 91*m + 150 = 0. Calculate the remainder when m is divided by 12.
1
Suppose -52*w + 68*w - 272 = 0. What is the remainder when 1001 is divided by w?
15
Suppose -5*t = 10, -9 = -4*l + 3*l + 5*t. What is the remainder when 106 is divided by 271/5 - l/(-5)?
52
Suppose 4*t + 8 = 0, l + 3*t - 13 = -0*l. Suppose -v - 4 = 2*v + 2*j, 0 = -v - 3*j + 8. Calculate the remainder when 55 - v/(5 + -1) is divided by l.
18
Let g(r) = -4*r**3 + 22*r**2 - 2*r - 14. Suppose -3*o + 4*t + 26 = 0, -4*o + 50 = -t - 2. Calculate the remainder when g(5) is divided by o.
12
Let f(n) = -31*n**3 + n. Let d(p) = -p**2 - 10*p - 1. Let i(k) = 6*k + 33. Let c be i(-7). What is the remainder when f(-1) is divided by d(c)?
6
Suppose -75 = -7*i + 2*i. Let f = 4484 - 4397. What is the remainder when f is divided by i?
12
Suppose 8*s = -470 - 18. Let a = s + 101. What is the remainder when a is divided by 16?
8
Let l = -36 + 53. Let j = 30 - l. Calculate the remainder when 49 is divided by j.
10
Let o(h) = 14*h + 320. What is the remainder when 123 is divided by o(-19)?
15
Suppose 0 = 33*c - 35*c + 30. Let o = c - -72. What is the remainder when o is divided by 22?
21
Suppose -5*k = 0, 0 = 3*t - 2*k + 2 - 44. Calculate the remainder when 20 is divided by t.
6
Let t = 198 - 193. What is the remainder when 14 is divided by t?
4
Let o = -1694 + 1763. Calculate the remainder when 193 is divided by o.
55
What is the remainder when 55 is divided by ((-1)/(20/96))/(39/(-260))?
23
Let b be (4*-4)/1*18/(-8). Suppose -5*l - 23 = -2*m + b, -4*m = -5*l - 113. Calculate the remainder when 106 is divided by m.
25
Let r = 11986 - 11927. Suppose -2*h - 9 = -39. What is the remainder when r is divided by h?
14
Let j(w) = -w**3 + 20*w**2 - 20*w - 278. Calculate the remainder when 309 is divided by j(18).
9
Suppose -6 = -10*b + 174. What is the remainder when 142 is divided by b?
16
Suppose -39 - 423 = -7*c. Calculate the remainder when (-2)/((-38)/180 + 11/c) is divided by 25.
20
Let h = -2 + 11. Let w = 24 - -2. Calculate the remainder when w is divided by 2*(243/6)/h.
8
Let r be 1/(-2)*(6 + -118). Let a = 71 - r. Calculate the remainder when 44 is divided by a.
14
Calculate the remainder when 181 is divided by -68*(0 - 40/32).
11
Suppose -3*t = -95 + 32. Suppose 5 = -4*h + 4*v + 1, 0 = 5*h - 2*v - 4. Suppose h*d + 24 = 6*d. What is the remainder when t is divided by d?
3
Suppose 0 = 5*i - 5*n - 45, -3*i - n + 15 = 2*n. Let m = 12 - 10. Suppose 80 = 4*q - 3*c, 0*q + 40 = m*q + 3*c. What is the remainder when q is divided by i?
6
Suppose x - 2*m - 122 = 53, x - 171 = 4*m. Calculate the remainder when x is divided by 65.
49
Let w = -53 + 214. Calculate the remainder when w is divided by 3 - (-45)/(-6)*-2.
17
Suppose -j - 23 = 4*k - 90, 3*k - j - 59 = 0. Suppose -5*v + 266 = -0*y - 4*y, 4*v - 216 = 4*y. What is the remainder when v is divided by k?
14
Let d = -1140 - -1215. Calculate the remainder when 144 is divided by d.
69
What is the remainder when 65 is divided by (3/(5 + 4))/((-5)/(-210))?
9
Let f(n) = n**2 + 4*n + 31. Let p be f(13). Suppose 0 = 15*l - l - p. Calculate the remainder when 69 is divided by l.
15
Let w = 896 + -878. What is the remainder when (-66)/(-8)*12/3 is divided by w?
15
Let m(h) = -h**2 - 21*h + 499. What is the remainder when m(-31) is divided by 32?
29
Let i(a) = a**3 + 12*a**2 - 25*a - 39. Calculate the remainder when i(-9) is divided by 62.
57
Suppose 0 = y - 4*y + 4*m + 20, 0 = 2*y - 4*m - 8. What is the remainder when 237 is divided by y?
9
Let z(r) = -7*r**2 - 382*r + 225. Let x(u) = -2*u - 2*u + u + 6. What is the remainder when z(-55) is divided by x(-5)?
18
What is the remainder when (-12)/15 + 10752/40 is divided by 39?
34
Let j = -26 - -14. Let k = 14 + j. Suppose -49 - 19 = -k*i - 2*b, 4*i + b = 136. Calculate the remainder when i is divided by 18.
16
Suppose -108*d = -123*d + 285. Suppose 5*c = 17 + 3. What is the remainder when d is divided by c?
3
Let h(i) = i**3 - i**2 + i + 4. Let t be h(0). Let w(n) = n**3 - 4*n**2 + n + 1. Suppose -2*c + 34 = -0*c. What is the remainder when c is divided by w(t)?
2
Let q be (8/3)/(3/(-9)). Let c be (0 - q)*145/20. Suppose -5*n = 4*v - 87, 4*v - 10 + c = 4*n. Calculate the remainder when n is divided by 8.
7
Suppose -3*d = 2*d + 40. Let k(y) = 16*y - 243. Calculate the remainder when k(21) is divided by ((-76)/d)/(2/4).
17
Suppose 7*b - 5*y = 5*b + 23, -71 = -4*b + 5*y. Calculate the remainder when 181 is divided by b.
13
Suppose k - 33 = d, 37 = k + d - 0. Suppose 3*y - 14 = -2. Suppose u + 2*u = 4*i - 51, 2*i + y*u = 20. What is the remainder when k is divided by i?
11
Let a(c) = -61*c - 2. Let u be a(-1). Let w = 71 - u. Let q = 25 + -18. What is the remainder when w is divided by q?
5
Let c be (0 - 17)*(-9)/(-27)*15. Let r = -5 - c. Calculate the remainder when r is divided by 14.
10
Let c(a) = 30*a + 3. Suppose 4*h - 13 = -2*t - 5, -4*h + 6 = t. Let s be c(t). Let q = 128 - s. What is the remainder when q is divided by 17?
14
Let l = 698 + -675. What is the remainder when 182 is divided by l?
21
Let p(c) = -1 + 10*c**3 + 8*c**2 - 3 - 11*c**3 - 4*c. Calculate the remainder when 30 is divided by p(7).
13
Let i = -27 - -31. Suppose 5*o = 25, 0*h - i*h + 136 = 4*o. What is the remainder when 112 is divided by h?
25
What is the remainder when -9 - (-2 - 1) - -17 is divided by 10?
1
Suppose 0 = g - 2*a - 217, 0*g - a = -3*g + 651. Calculate the remainder when g is divided by 59.
40
Suppose -p = -5*p + 140. Suppose 8*i = 3*i + p. Suppose 13 = 4*r - 3*l - 31, -33 = -3*r - l. Calculate the remainder when r is divided by i.
4
Let t = -34 + 33. What is the remainder when 29 + t + 2 + -1 is divided by 6?
5
Suppose -3920 = 5*q - 61*q. What is the remainder when 416 is divided by q?
66
Suppose u + 34 = 17. Let l(n) = 2*n + 53. What is the remainder when 35 is divided by l(u)?
16
Suppose 0 = v + p - 81, v - 3*v + 166 = -2*p. Let j = v - 59. Calculate t